 the first derivative of -112 - 1/2*t**4 + t**2 - 2/3*t**3 - 2*t. What is q(z)?
-22
Let f(z) = z**3 - z + 1. Let o(n) = -n**2 - 8*n - 6. Let q be o(-6). Suppose -q*k = -3*k + 6. Let j be -1 + ((-3)/(12/8))/k. Calculate f(j).
1
Let z(b) be the first derivative of 0*b + 30 + 1/6*b**3 + 1/60*b**5 - 19/2*b**2 - 1/8*b**4. Let y(m) be the second derivative of z(m). What is y(2)?
-1
Let w(r) be the second derivative of -r**3/6 + r**2 + 27*r - 74. Calculate w(0).
2
Let d(q) = q**3 - 1. Let n(a) = -a**3 - 5*a**2 + 9*a + 15. Let x(w) = w**2 - w + 1. Let o(h) = -n(h) - x(h). Let f be o(-5). Calculate d(f).
-2
Let p(c) = c**3 - 56*c**2 + 252*c + 13. Let t be p(5). Let n(k) = 31*k**2 - 1. Determine n(t).
123
Let f(x) = x**2 + 33*x - 64. Let i be f(-35). Let g be i + (-5)/25 + 18/(-10). Let t(s) be the second derivative of -s**3/3 + 3*s**2/2 + s. Calculate t(g).
-5
Suppose 93*p - 71 = -111 - 239. Let t(q) be the third derivative of -q**5/60 + q**4/24 - q**3/2 + 2*q**2. What is t(p)?
-15
Suppose 0 = 6*m - 4*m - 4*n + 10, 0 = 5*m - n - 20. Let s(d) = -2*d**3 - d + d**3 + 6*d + 4*d**2 - 1 + 5. What is s(m)?
4
Suppose 2*q = -4*g + 26, -297*q - 4*g = -292*q - 47. Let v(i) = 2*i**2 - 17*i + 15. Calculate v(q).
-6
Let n = -94 - -102. Let c(t) be the third derivative of t**6/120 - 2*t**5/15 - t**4/12 + 3*t**3/2 + 42*t**2. What is c(n)?
-7
Let n be (-20)/(-50)*15/3. Suppose -8*c + 11*c - 2 = v, 13 = -n*v - 3*c. Let l(q) = q**2 + 5*q - 5. Give l(v).
-5
Suppose -36*f - 56 = -50*f. Let h(m) be the first derivative of 3/2*m**2 - 8 - 6*m. Determine h(f).
6
Let l(q) = -4146 + 187*q + 12434 - 4145 - 4143 - 184*q. Let a(t) = -t + 2. Let c be a(2). Calculate l(c).
0
Let x(p) = -p**2 - 6*p + 77. Suppose -6*y + 451 + 443 = 143*y. Calculate x(y).
5
Let w = 879 - 858. Suppose a = -w*h + 19*h, 0 = 3*h + 3*a + 6. Let k(s) = 3*s**2 - 5. Give k(h).
7
Let f(m) = 6*m - 144. Let q be f(24). Let y(i) = -i**2 - 3 - 813*i + 805*i + q. Calculate y(-6).
9
Let p(y) = y**2 + 33*y - 61. Let z = 10809 + -10844. Calculate p(z).
9
Let k(p) = p**2 - 4*p - 17. Let h be k(6). Let n(q) be the second derivative of 2*q + 1/12*q**4 - 7/2*q**2 + 5/6*q**3 + 9. Give n(h).
-7
Let f(q) be the first derivative of -1/2*q**4 - 2/3*q**3 + 68 - q**2 + 0*q. Determine f(-2).
12
Suppose -2*c + u = 14 - 12, 2*u = 2*c + 4. Let s(m) = m + 6 + m - 7*m + 6*m + 3 - m**2. Give s(c).
9
Let y(h) be the first derivative of 3*h**4/2 - 4*h**3/3 + 4*h**2 - 12*h + 7. Let x be y(3). Let g = -139 + x. Let r(m) = 5*m**3 + m**2 + m + 1. Determine r(g).
-4
Let l(t) = t - 27. Let z be (112/140)/((-8)/(-40)). Calculate l(z).
-23
Suppose 28 = -3*q - q. Let z(b) be the third derivative of -b**5/60 - b**4/4 - 5*b**3/6 + 2*b**2 + 12542*b. What is z(q)?
-12
Let b(l) = -l - 1. Let f(m) = m. Let x(y) = -9*y + 5. Let j(q) = -3*f(q) - x(q). Let g(s) = -5*b(s) - j(s). Suppose -2*a + 1 = -11. Calculate g(a).
4
Let o be 12/36*(-24)/(-32)*(-4)/(-10). Let m(t) be the third derivative of 0 + 0*t - 2/3*t**3 - 6*t**2 + 1/12*t**4 + o*t**5 - 1/120*t**6. What is m(6)?
8
Suppose 1088 + 245 = 143*j - 240. Let k(c) = -37*c + 412. Give k(j).
5
Let m(k) = 3*k + 3. Let v be m(-2). Let f = -2 - v. Let n(g) be the first derivative of 2*g**3 + g**2 - g + 3911. Determine n(f).
7
Let w = -2 - -13. Let y(u) = 6*u**3 - 2*u - 5*u**2 + 5 - w*u**3 - 7*u**3 + 13*u**3. Give y(5).
-5
Let q(x) = -x**2 - 30*x - 82. Suppose 0 = 5*i + d + 128, 2*d + 229 = -20*i + 11*i. Calculate q(i).
-1
Suppose 0*m + 2*w = -m + 4, 2*m - 3 = w. Let k(t) = -25*t - 3*t**2 + 13*t + 1 + 10*t + m*t**2. Suppose 0 = -u - 0*u - 3*p - 11, 0 = -2*p - 6. Determine k(u).
1
Suppose 0 = 4*o + 2 - 10. Let q(j) = 2*j + 8 - o - 4*j - 2*j. Let w(n) = 2*n**3 + 18*n**2 - 24*n - 36. Let v be w(-10). Determine q(v).
-10
Let i(a) = a**2 + 11*a + 23. Let r = 6706 + -6713. Give i(r).
-5
Let g = 10 + -6. Let f(x) be the first derivative of x**4/4 - 2*x**3/3 - 4*x**2 - 4*x + 16424. Calculate f(g).
-4
Let p(r) = 923 - r - 23*r + r**2 - 885. Let j = -6 + 28. Let a be p(j). Let u(f) = -2*f - 1. Give u(a).
11
Let b(a) be the first derivative of 1/12*a**4 - 14*a**2 + 1/6*a**3 + 24 + 0*a. Let x(p) be the second derivative of b(p). What is x(-5)?
-9
Suppose -4*a - 3*p = 61, 2*a - 27 = 4*p - 19. Let d(h) = 40*h + 394. What is d(a)?
-6
Let t(d) = 2*d - 5. Let b = 5 - 2. Let i be (-4)/(-3) + 6/27*b. Suppose -q + 28 = -5*y, -i*y + 6*y = -2*q - 14. Determine t(y).
-15
Let h be 3876/(-663) - 2/13. Let i(u) = 8*u + 49. What is i(h)?
1
Suppose -2*s + 3*u + u + 146 = 0, 0 = u + 4. Let k = 66 - s. Suppose w - 3 = k. Let p(m) = m**3 - 3*m**2 - m + 1. Give p(w).
13
Let b(h) = 2276 + 2279 - 78*h**3 - 2*h + h - 4555. Give b(1).
-79
Let t(x) = -6*x + 27*x**2 + 5*x**2 + 0*x - 31*x**2. What is t(5)?
-5
Let r(o) = -22 - 3676904*o + 1838453*o + 1838452*o. Determine r(26).
4
Let u(b) be the second derivative of -7*b**5/5 - b**4/4 + b**3/2 - b**2/2 - 1570*b. Determine u(1).
-29
Suppose -122 = -2*s - 110. Suppose 0 = 2*y + 5*w - 41, -3*y - 2*w + s = -28. Let t(l) = 3 - 5*l**3 + 9*l + 7*l**2 + 4*l**3 - 2*l. What is t(y)?
-5
Let j(y) = 8*y + 3. Suppose 550*v = 552*v - 22. Determine j(v).
91
Let m be ((-4)/(-1))/(8 + -7). Suppose 0 = -r + 3*l - 11, m*l = 3*r - l + 17. Let g(i) = -2 - 2*i + 14*i**2 - 7*i**2 + r - 16*i**2. Calculate g(-1).
-8
Let l(b) be the second derivative of -13*b**4/12 + b**3/3 + b**2/2 - 404*b. Give l(1).
-10
Let a = 4 + 1. Suppose -9 - 1 = 5*j - a*z, 0 = -4*j - 4*z + 8. Suppose -k = -j*k + o + 1, 3*o = -2*k. Let y(x) = -x**2 - x + 3. Give y(k).
-3
Let b(s) = -s**2 + 8*s - 5. Let d be b(7). Let x(y) = -6 + 3 - 4*y + d. Let t(r) = 3*r**2 - 37*r - 573. Let p be t(-9). Give x(p).
-13
Let t(w) = 2*w**2 + 33*w - 15. Suppose u = -5*i - 90, i - 166 = u - 178. Give t(i).
2
Let b(c) = 14*c**3 - 7*c**2 + 32*c + 35. Let t(w) = w**3 + w**2 - w + 4. Let s(a) = b(a) - 15*t(a). What is s(-24)?
-1
Suppose 9*m + 423 + 9 = 0. Let g be ((-18)/8 - -2) + (-204)/m. Let s(k) = -k + 7. Calculate s(g).
3
Let s(o) = -8*o - 78*o - 7 + 87*o + 4. Suppose -3*l = 3*t - 21, -4*l = -l - 2*t - 1. Suppose 0 = -l*j + 11 + 1. Calculate s(j).
1
Let r(t) be the third derivative of 10*t**2 - t - 1/24*t**4 - t**3 + 0. Determine r(-3).
-3
Let d(s) = -s**3 + 5*s**2 - 13*s + 1. Let t(w) = w**3 - 6*w**2 + 11*w - 3. Let i(p) = -2*d(p) - 3*t(p). Suppose 2 = 2*z - 2, 3*j + 2*z = 25. Determine i(j).
7
Let z(x) be the third derivative of 0*x + 1/24*x**4 + 54*x**2 + 0 + 29/6*x**3. Calculate z(0).
29
Let q(n) = -3*n**2 - 22*n + 37. Let p be q(-9). Let s(f) = -f**3 - 7*f**2 + 5*f + 8. Determine s(p).
32
Let c(g) = -2*g - 7. Let d(p) be the second derivative of -p**3/3 - 4*p**2 + 4*p. Let a = -63 + 70. Let n(w) = a*c(w) - 6*d(w). Determine n(-4).
7
Let s(r) = -4 + 2*r - 6*r**2 - 32*r - 2 - 2*r - 6. Determine s(-5).
-2
Let b(h) be the third derivative of -h**5/60 + h**4/8 + 5*h**3/3 + h**2 - 3927. What is b(-2)?
0
Let n(g) = g - 3. Let w be 6/2*380/(-30). Suppose -3*r + 2*m - 77 = 27, -5*m + 5 = 0. Let v = r - w. Calculate n(v).
1
Let g(x) = x**3 + 8*x**2 + 6*x + 5. Let r be g(-7). Suppose 0 = -4*p + 2*u + 3 + 3, 2*p - 4*u = -r. Suppose -2*j + j = -p. Let i(w) = -w + 5. Give i(j).
1
Let x(o) be the first derivative of -o**4/4 - 5*o**3/3 + 2*o**2 - 3*o + 1295. Suppose g + 3 = -3*f, 5*g - 2*f + 20 = 5. Let n = -3 + g. Give x(n).
9
Suppose -8*s = -44*s + 4*s + 192. Let m(u) = 4*u**2 - 7*u - 11. Determine m(s).
91
Let i(b) = -b + 108. Let w be i(23). Let z(t) = w*t + 86*t - 177*t - 1. Calculate z(2).
-13
Let i(r) = -r**2 + 4*r - 3 + 3*r + 3*r - 7. Let q = 32 + -23. Suppose -5*x - q*x = -112. Give i(x).
6
Let h(d) = 2*d**3 + 21*d**2 + 4*d - 40. Let l(n) = -3*n**3 - 38*n**2 - 5*n + 76. Let w(b) = 5*h(b) + 3*l(b). Determine w(9).
73
Let p(z) = -3121*z - 3127*z + 23 + 6243*z. Give p(4).
3
Suppose 5*f = 6*f + 4*j - 3, 0 = 4*j - 8. Let b(m) = -m. Let r(k) = -125918 + 2*k + 125918. Let c(q) = f*b(q) - 2*r(q). Give c(-6).
-6
Let c(q) = -q**2 - q + 1. Let j(r) be the first derivative of r**4/4 + 3*r**3 - 3*r**2/2 + 2*r - 52. Let p(h) = 4*c(h) + j(h). Give p(-6).
12
Let l(n) = -n**2 + 12*n - 27. Let o be l(3). Let u(i) = 22*i - i - 8*i + 1 + o - 12*i. Let k = -8 + 4. Determine u(k).
-3
Let f(h) be the second derivative of -5/6*h**3 + 0 + 1/2*h**2 - 115*h. What is f(1)?
-4
Let q(n) = 13*n**2 + 20